{"id":136,"date":"2025-12-11T13:25:28","date_gmt":"2025-12-11T13:25:28","guid":{"rendered":"https:\/\/atyourpacepsy.com\/?page_id=136"},"modified":"2026-01-06T11:14:58","modified_gmt":"2026-01-06T11:14:58","slug":"gestion-du-stress-et-burnout","status":"publish","type":"page","link":"https:\/\/atyourpacepsy.com\/index.php\/gestion-du-stress-et-burnout\/","title":{"rendered":"Burnout et stress au travail"},"content":{"rendered":"\t\t<div data-elementor-type=\"wp-page\" data-elementor-id=\"136\" class=\"elementor elementor-136\" data-elementor-post-type=\"page\">\n\t\t\t\t<div class=\"elementor-element elementor-element-05b27da e-flex e-con-boxed e-con e-parent\" data-id=\"05b27da\" data-element_type=\"container\" data-settings=\"{&quot;background_background&quot;:&quot;classic&quot;}\">\n\t\t\t\t\t<div class=\"e-con-inner\">\n\t\t\t\t<div class=\"elementor-element elementor-element-13c47fb elementor-widget elementor-widget-heading\" data-id=\"13c47fb\" data-element_type=\"widget\" data-widget_type=\"heading.default\">\n\t\t\t\t\t<h2 class=\"elementor-heading-title elementor-size-default\">Burnout et stress au travail<\/h2>\t\t\t\t<\/div>\n\t\t\t\t\t<\/div>\n\t\t\t\t<\/div>\n\t\t<div class=\"elementor-element elementor-element-9481b30 e-flex e-con-boxed e-con e-parent\" data-id=\"9481b30\" data-element_type=\"container\" data-settings=\"{&quot;background_background&quot;:&quot;classic&quot;}\">\n\t\t\t\t\t<div class=\"e-con-inner\">\n\t\t\t\t<div class=\"elementor-element elementor-element-3ab3937 elementor-widget elementor-widget-text-editor\" data-id=\"3ab3937\" data-element_type=\"widget\" data-widget_type=\"text-editor.default\">\n\t\t\t\t\t\t\t\t\t<p class=\"p2\">Que vous traversiez une p\u00e9riode de stress intense ou les premiers signes d\u2019\u00e9puisement, je vous accompagne pour retrouver \u00e9nergie, \u00e9quilibre et clart\u00e9.<\/p><p class=\"p2\">Ensemble, nous apprenons \u00e0 \u00e9couter les signaux du corps afin de comprendre ce qui \u00e9puise et r\u00e9tablir un rythme plus sain.<\/p>\t\t\t\t\t\t\t\t<\/div>\n\t\t\t\t\t<\/div>\n\t\t\t\t<\/div>\n\t\t\t\t<\/div>\n\t\t","protected":false},"excerpt":{"rendered":"<p>Burnout et stress au travail Que vous traversiez une p\u00e9riode de stress intense ou les premiers signes d\u2019\u00e9puisement, je vous accompagne pour retrouver \u00e9nergie, \u00e9quilibre et clart\u00e9. Ensemble, nous apprenons \u00e0 \u00e9couter les signaux du corps afin de comprendre ce qui \u00e9puise et r\u00e9tablir un rythme plus sain.<\/p>\n","protected":false},"author":1,"featured_media":0,"parent":0,"menu_order":0,"comment_status":"closed","ping_status":"closed","template":"","meta":{"footnotes":""},"class_list":["post-136","page","type-page","status-publish","hentry"],"_links":{"self":[{"href":"https:\/\/atyourpacepsy.com\/index.php\/wp-json\/wp\/v2\/pages\/136","targetHints":{"allow":["GET"]}}],"collection":[{"href":"https:\/\/atyourpacepsy.com\/index.php\/wp-json\/wp\/v2\/pages"}],"about":[{"href":"https:\/\/atyourpacepsy.com\/index.php\/wp-json\/wp\/v2\/types\/page"}],"author":[{"embeddable":true,"href":"https:\/\/atyourpacepsy.com\/index.php\/wp-json\/wp\/v2\/users\/1"}],"replies":[{"embeddable":true,"href":"https:\/\/atyourpacepsy.com\/index.php\/wp-json\/wp\/v2\/comments?post=136"}],"version-history":[{"count":8,"href":"https:\/\/atyourpacepsy.com\/index.php\/wp-json\/wp\/v2\/pages\/136\/revisions"}],"predecessor-version":[{"id":448,"href":"https:\/\/atyourpacepsy.com\/index.php\/wp-json\/wp\/v2\/pages\/136\/revisions\/448"}],"wp:attachment":[{"href":"https:\/\/atyourpacepsy.com\/index.php\/wp-json\/wp\/v2\/media?parent=136"}],"curies":[{"name":"wp","href":"https:\/\/api.w.org\/{rel}","templated":true}]}}