{"id":23,"date":"2025-12-11T10:52:20","date_gmt":"2025-12-11T10:52:20","guid":{"rendered":"https:\/\/atyourpacepsy.com\/index.php\/coaching-reconversion-professionnel\/"},"modified":"2026-01-25T17:52:09","modified_gmt":"2026-01-25T17:52:09","slug":"coaching-reconversion-professionnel","status":"publish","type":"page","link":"https:\/\/atyourpacepsy.com\/index.php\/coaching-reconversion-professionnel\/","title":{"rendered":"Orientation et Reconversion Professionnel"},"content":{"rendered":"\t\t<div data-elementor-type=\"wp-page\" data-elementor-id=\"23\" class=\"elementor elementor-23\" data-elementor-post-type=\"page\">\n\t\t\t\t<div class=\"elementor-element elementor-element-5c64573 e-flex e-con-boxed e-con e-parent\" data-id=\"5c64573\" data-element_type=\"container\" data-settings=\"{&quot;background_background&quot;:&quot;classic&quot;}\">\n\t\t\t\t\t<div class=\"e-con-inner\">\n\t\t\t\t<div class=\"elementor-element elementor-element-1ff5ca4a elementor-widget elementor-widget-heading\" data-id=\"1ff5ca4a\" data-element_type=\"widget\" data-widget_type=\"heading.default\">\n\t\t\t\t\t<h2 class=\"elementor-heading-title elementor-size-default\">Orientation et reconversion professionnelle<\/h2>\t\t\t\t<\/div>\n\t\t\t\t<div class=\"elementor-element elementor-element-1917a364 elementor-widget elementor-widget-text-editor\" data-id=\"1917a364\" data-element_type=\"widget\" data-widget_type=\"text-editor.default\">\n\t\t\t\t\t\t\t\t\t\n<blockquote class=\"wp-block-quote is-layout-flow wp-block-quote-is-layout-flow\">\n<p data-start=\"303\" data-end=\"602\">Vous traversez une p\u00e9riode de questionnement, un changement de cap ou le besoin de redonner du sens \u00e0 votre vie professionnelle ?<br data-start=\"432\" data-end=\"435\" \/>Cet accompagnement s\u2019adresse \u00e0 celles et ceux qui souhaitent mieux se conna\u00eetre, clarifier leurs choix et construire un projet professionnel align\u00e9 avec leurs valeurs.<\/p>\n<p data-start=\"604\" data-end=\"735\">\u00c0 travers une approche m\u00ealant psychologie, exploration personnelle et outils concrets de coaching, nous travaillons ensemble pour :<\/p>\n<ul data-start=\"737\" data-end=\"969\">\n<li data-start=\"737\" data-end=\"788\">\n<p data-start=\"739\" data-end=\"788\">identifier vos forces, motivations et valeurs ;<\/p>\n<\/li>\n<li data-start=\"789\" data-end=\"833\">\n<p data-start=\"791\" data-end=\"833\">clarifier vos objectifs professionnels ;<\/p>\n<\/li>\n<li data-start=\"834\" data-end=\"904\">\n<p data-start=\"836\" data-end=\"904\">d\u00e9passer les freins li\u00e9s au changement ou \u00e0 la prise de d\u00e9cision ;<\/p>\n<\/li>\n<li data-start=\"905\" data-end=\"969\">\n<p data-start=\"907\" data-end=\"969\">structurer un projet r\u00e9aliste et coh\u00e9rent avec votre parcours.<\/p>\n<\/li>\n<\/ul>\n<p data-start=\"971\" data-end=\"1014\">L\u2019accompagnement peut \u00e9galement inclure :<\/p>\n<ul data-start=\"1015\" data-end=\"1312\">\n<li data-start=\"1015\" data-end=\"1085\">\n<p data-start=\"1017\" data-end=\"1085\"><strong data-start=\"1017\" data-end=\"1081\">la r\u00e9vision de CV et la pr\u00e9paration de lettres de motivation<\/strong> ;<\/p>\n<\/li>\n<li data-start=\"1086\" data-end=\"1203\">\n<p data-start=\"1088\" data-end=\"1203\"><strong data-start=\"1088\" data-end=\"1138\">l\u2019orientation vers des plateformes pertinentes<\/strong> selon vos objectifs (institutions, ONG, secteur priv\u00e9, etc.) ;<\/p>\n<\/li>\n<li data-start=\"1204\" data-end=\"1312\">\n<p data-start=\"1206\" data-end=\"1312\"><strong data-start=\"1206\" data-end=\"1277\">l\u2019utilisation de tests de personnalit\u00e9 et d\u2019int\u00e9r\u00eats professionnels<\/strong> pour affiner votre positionnement.<\/p>\n<\/li>\n<\/ul>\n<p data-start=\"1314\" data-end=\"1460\">Chaque s\u00e9ance dure 75 minutes et comprend des exercices pratiques ou r\u00e9flexifs entre les s\u00e9ances, afin de soutenir une mise en action progressive.<\/p>\n<p data-start=\"1462\" data-end=\"1838\">En compl\u00e9ment des accompagnements individuels, j\u2019interviens en tant que <strong data-start=\"1534\" data-end=\"1630\">formatrice lors de workshops collectifs destin\u00e9s aux stagiaires des institutions europ\u00e9ennes<\/strong>.<br data-start=\"1631\" data-end=\"1634\" \/>Ces ateliers abordent notamment la construction de l\u2019identit\u00e9 professionnelle, la confiance en soi, les choix de carri\u00e8re et la gestion des transitions dans des environnements internationaux et exigeants.<\/p>\n<p data-start=\"1840\" data-end=\"1978\">Les s\u00e9ances et ateliers se d\u00e9roulent en ligne ou \u00e0 Bruxelles, en fran\u00e7ais, anglais ou italien, dans un cadre bienveillant et confidentiel.<\/p>\n<p data-start=\"1980\" data-end=\"2102\">Repenser sa trajectoire professionnelle, c\u2019est se reconnecter \u00e0 soi-m\u00eame pour avancer avec plus de clart\u00e9 et de confiance.<\/p>\n<\/blockquote>\n\t\t\t\t\t\t\t\t<\/div>\n\t\t\t\t<div class=\"elementor-element elementor-element-1583c4d elementor-widget elementor-widget-gallery\" data-id=\"1583c4d\" data-element_type=\"widget\" data-settings=\"{&quot;lazyload&quot;:&quot;yes&quot;,&quot;gallery_layout&quot;:&quot;grid&quot;,&quot;columns&quot;:4,&quot;columns_tablet&quot;:2,&quot;columns_mobile&quot;:1,&quot;gap&quot;:{&quot;unit&quot;:&quot;px&quot;,&quot;size&quot;:10,&quot;sizes&quot;:[]},&quot;gap_tablet&quot;:{&quot;unit&quot;:&quot;px&quot;,&quot;size&quot;:10,&quot;sizes&quot;:[]},&quot;gap_mobile&quot;:{&quot;unit&quot;:&quot;px&quot;,&quot;size&quot;:10,&quot;sizes&quot;:[]},&quot;link_to&quot;:&quot;file&quot;,&quot;aspect_ratio&quot;:&quot;3:2&quot;,&quot;overlay_background&quot;:&quot;yes&quot;,&quot;content_hover_animation&quot;:&quot;fade-in&quot;}\" data-widget_type=\"gallery.default\">\n\t\t\t\t\t\t\t<div class=\"elementor-gallery__container\">\n\t\t\t\t\t\t\t<a class=\"e-gallery-item elementor-gallery-item elementor-animated-content\" href=\"https:\/\/atyourpacepsy.com\/wp-content\/uploads\/2026\/01\/95AF4544-5BAB-46D5-AAF4-9B177E1AB760.jpg\" data-elementor-open-lightbox=\"yes\" data-elementor-lightbox-slideshow=\"1583c4d\" data-elementor-lightbox-title=\"95AF4544-5BAB-46D5-AAF4-9B177E1AB760\" data-e-action-hash=\"#elementor-action%3Aaction%3Dlightbox%26settings%3DeyJpZCI6NTM3LCJ1cmwiOiJodHRwczpcL1wvYXR5b3VycGFjZXBzeS5jb21cL3dwLWNvbnRlbnRcL3VwbG9hZHNcLzIwMjZcLzAxXC85NUFGNDU0NC01QkFCLTQ2RDUtQUFGNC05QjE3N0UxQUI3NjAuanBnIiwic2xpZGVzaG93IjoiMTU4M2M0ZCJ9\">\n\t\t\t\t\t<div class=\"e-gallery-image elementor-gallery-item__image\" data-thumbnail=\"https:\/\/atyourpacepsy.com\/wp-content\/uploads\/2026\/01\/95AF4544-5BAB-46D5-AAF4-9B177E1AB760-300x169.jpg\" data-width=\"300\" data-height=\"169\" aria-label=\"\" role=\"img\" ><\/div>\n\t\t\t\t\t\t\t\t\t\t\t<div class=\"elementor-gallery-item__overlay\"><\/div>\n\t\t\t\t\t\t\t\t\t\t\t\t\t\t<\/a>\n\t\t\t\t\t\t\t<a class=\"e-gallery-item elementor-gallery-item elementor-animated-content\" href=\"https:\/\/atyourpacepsy.com\/wp-content\/uploads\/2026\/01\/IMG_7611.jpeg\" data-elementor-open-lightbox=\"yes\" data-elementor-lightbox-slideshow=\"1583c4d\" data-elementor-lightbox-title=\"IMG_7611\" data-e-action-hash=\"#elementor-action%3Aaction%3Dlightbox%26settings%3DeyJpZCI6NTM4LCJ1cmwiOiJodHRwczpcL1wvYXR5b3VycGFjZXBzeS5jb21cL3dwLWNvbnRlbnRcL3VwbG9hZHNcLzIwMjZcLzAxXC9JTUdfNzYxMS5qcGVnIiwic2xpZGVzaG93IjoiMTU4M2M0ZCJ9\">\n\t\t\t\t\t<div class=\"e-gallery-image elementor-gallery-item__image\" data-thumbnail=\"https:\/\/atyourpacepsy.com\/wp-content\/uploads\/2026\/01\/IMG_7611-300x225.jpeg\" data-width=\"300\" data-height=\"225\" aria-label=\"\" role=\"img\" ><\/div>\n\t\t\t\t\t\t\t\t\t\t\t<div class=\"elementor-gallery-item__overlay\"><\/div>\n\t\t\t\t\t\t\t\t\t\t\t\t\t\t<\/a>\n\t\t\t\t\t\t\t<a class=\"e-gallery-item elementor-gallery-item elementor-animated-content\" href=\"https:\/\/atyourpacepsy.com\/wp-content\/uploads\/2026\/01\/WhatsApp-Image-2023-06-28-at-19.44.54.jpeg\" data-elementor-open-lightbox=\"yes\" data-elementor-lightbox-slideshow=\"1583c4d\" data-elementor-lightbox-title=\"WhatsApp Image 2023-06-28 at 19.44.54\" data-e-action-hash=\"#elementor-action%3Aaction%3Dlightbox%26settings%3DeyJpZCI6NTM5LCJ1cmwiOiJodHRwczpcL1wvYXR5b3VycGFjZXBzeS5jb21cL3dwLWNvbnRlbnRcL3VwbG9hZHNcLzIwMjZcLzAxXC9XaGF0c0FwcC1JbWFnZS0yMDIzLTA2LTI4LWF0LTE5LjQ0LjU0LmpwZWciLCJzbGlkZXNob3ciOiIxNTgzYzRkIn0%3D\">\n\t\t\t\t\t<div class=\"e-gallery-image elementor-gallery-item__image\" data-thumbnail=\"https:\/\/atyourpacepsy.com\/wp-content\/uploads\/2026\/01\/WhatsApp-Image-2023-06-28-at-19.44.54-300x225.jpeg\" data-width=\"300\" data-height=\"225\" aria-label=\"\" role=\"img\" ><\/div>\n\t\t\t\t\t\t\t\t\t\t\t<div class=\"elementor-gallery-item__overlay\"><\/div>\n\t\t\t\t\t\t\t\t\t\t\t\t\t\t<\/a>\n\t\t\t\t\t\t\t<a class=\"e-gallery-item elementor-gallery-item elementor-animated-content\" href=\"https:\/\/atyourpacepsy.com\/wp-content\/uploads\/2026\/01\/WhatsApp-Image-2024-02-20-at-20.46.53-3.jpeg\" data-elementor-open-lightbox=\"yes\" data-elementor-lightbox-slideshow=\"1583c4d\" data-elementor-lightbox-title=\"WhatsApp Image 2024-02-20 at 20.46.53 (3)\" data-e-action-hash=\"#elementor-action%3Aaction%3Dlightbox%26settings%3DeyJpZCI6NTQwLCJ1cmwiOiJodHRwczpcL1wvYXR5b3VycGFjZXBzeS5jb21cL3dwLWNvbnRlbnRcL3VwbG9hZHNcLzIwMjZcLzAxXC9XaGF0c0FwcC1JbWFnZS0yMDI0LTAyLTIwLWF0LTIwLjQ2LjUzLTMuanBlZyIsInNsaWRlc2hvdyI6IjE1ODNjNGQifQ%3D%3D\">\n\t\t\t\t\t<div class=\"e-gallery-image elementor-gallery-item__image\" data-thumbnail=\"https:\/\/atyourpacepsy.com\/wp-content\/uploads\/2026\/01\/WhatsApp-Image-2024-02-20-at-20.46.53-3-300x135.jpeg\" data-width=\"300\" data-height=\"135\" aria-label=\"\" role=\"img\" ><\/div>\n\t\t\t\t\t\t\t\t\t\t\t<div class=\"elementor-gallery-item__overlay\"><\/div>\n\t\t\t\t\t\t\t\t\t\t\t\t\t\t<\/a>\n\t\t\t\t\t\t\t<a class=\"e-gallery-item elementor-gallery-item elementor-animated-content\" href=\"https:\/\/atyourpacepsy.com\/wp-content\/uploads\/2026\/01\/WhatsApp-Image-2024-07-01-at-11.08.09.jpeg\" data-elementor-open-lightbox=\"yes\" data-elementor-lightbox-slideshow=\"1583c4d\" data-elementor-lightbox-title=\"WhatsApp Image 2024-07-01 at 11.08.09\" data-e-action-hash=\"#elementor-action%3Aaction%3Dlightbox%26settings%3DeyJpZCI6NTQxLCJ1cmwiOiJodHRwczpcL1wvYXR5b3VycGFjZXBzeS5jb21cL3dwLWNvbnRlbnRcL3VwbG9hZHNcLzIwMjZcLzAxXC9XaGF0c0FwcC1JbWFnZS0yMDI0LTA3LTAxLWF0LTExLjA4LjA5LmpwZWciLCJzbGlkZXNob3ciOiIxNTgzYzRkIn0%3D\">\n\t\t\t\t\t<div class=\"e-gallery-image elementor-gallery-item__image\" data-thumbnail=\"https:\/\/atyourpacepsy.com\/wp-content\/uploads\/2026\/01\/WhatsApp-Image-2024-07-01-at-11.08.09-225x300.jpeg\" data-width=\"225\" data-height=\"300\" aria-label=\"\" role=\"img\" ><\/div>\n\t\t\t\t\t\t\t\t\t\t\t<div class=\"elementor-gallery-item__overlay\"><\/div>\n\t\t\t\t\t\t\t\t\t\t\t\t\t\t<\/a>\n\t\t\t\t\t<\/div>\n\t\t\t\t\t<\/div>\n\t\t\t\t\t<\/div>\n\t\t\t\t<\/div>\n\t\t\t\t<\/div>\n\t\t","protected":false},"excerpt":{"rendered":"<p>Orientation et reconversion professionnelle Vous traversez une p\u00e9riode de questionnement, un changement de cap ou le besoin de redonner du sens \u00e0 votre vie professionnelle ?Cet accompagnement s\u2019adresse \u00e0 celles et ceux qui souhaitent mieux se conna\u00eetre, clarifier leurs choix et construire un projet professionnel align\u00e9 avec leurs valeurs. \u00c0 travers une approche m\u00ealant psychologie, [&hellip;]<\/p>\n","protected":false},"author":1,"featured_media":0,"parent":0,"menu_order":0,"comment_status":"closed","ping_status":"closed","template":"","meta":{"footnotes":""},"class_list":["post-23","page","type-page","status-publish","hentry"],"_links":{"self":[{"href":"https:\/\/atyourpacepsy.com\/index.php\/wp-json\/wp\/v2\/pages\/23","targetHints":{"allow":["GET"]}}],"collection":[{"href":"https:\/\/atyourpacepsy.com\/index.php\/wp-json\/wp\/v2\/pages"}],"about":[{"href":"https:\/\/atyourpacepsy.com\/index.php\/wp-json\/wp\/v2\/types\/page"}],"author":[{"embeddable":true,"href":"https:\/\/atyourpacepsy.com\/index.php\/wp-json\/wp\/v2\/users\/1"}],"replies":[{"embeddable":true,"href":"https:\/\/atyourpacepsy.com\/index.php\/wp-json\/wp\/v2\/comments?post=23"}],"version-history":[{"count":20,"href":"https:\/\/atyourpacepsy.com\/index.php\/wp-json\/wp\/v2\/pages\/23\/revisions"}],"predecessor-version":[{"id":544,"href":"https:\/\/atyourpacepsy.com\/index.php\/wp-json\/wp\/v2\/pages\/23\/revisions\/544"}],"wp:attachment":[{"href":"https:\/\/atyourpacepsy.com\/index.php\/wp-json\/wp\/v2\/media?parent=23"}],"curies":[{"name":"wp","href":"https:\/\/api.w.org\/{rel}","templated":true}]}}